02101
In base 14, what is -16b + 2?
-169
In base 12, what is -496 - -7?
-48b
In base 4, what is -2231 + -1?
-2232
In base 2, what is -100000011 + 0?
-100000011
In base 13, what is 2 - b?
-9
In base 13, what is 2346 - 5?
2341
In base 14, what is -1a + b?
-d
In base 4, what is 212 + -10?
202
In base 14, what is 12 - -266?
278
In base 11, what is 201 - 2?
1aa
In base 8, what is 6 - -6?
14
In base 16, what is -6 - 12b?
-131
In base 11, what is 348 + 5?
352
In base 10, what is 80 - -3?
83
In base 14, what is 2 - -2a5?
2a7
In base 5, what is 21 + 141?
212
In base 4, what is 11 - -332?
1003
In base 8, what is -5 + 115?
110
In base 16, what is -47 - -3?
-44
In base 4, what is 11100 - 322?
10112
In base 14, what is 2ba - 15?
2a5
In base 3, what is 11 - 0?
11
In base 3, what is 210100 - 112?
202211
In base 9, what is 86 - 1?
85
In base 16, what is 422 - 3?
41f
In base 9, what is 4 + -341?
-336
In base 8, what is -340 + 3?
-335
In base 6, what is 41 - 2?
35
In base 5, what is 12110 - 0?
12110
In base 6, what is -222 - -252?
30
In base 8, what is 5 - -361?
366
In base 3, what is -2002 - -2012?
10
In base 5, what is 1404 + 3?
1412
In base 11, what is 24 + -159?
-135
In base 2, what is 1001011 + -101?
1000110
In base 4, what is -3 + 110?
101
In base 11, what is 6 + 30?
36
In base 9, what is 50 - 103?
-43
In base 12, what is 23 - 2a7?
-284
In base 11, what is -17 + -24?
-40
In base 3, what is 1 + -20220?
-20212
In base 16, what is -53 + 3?
-50
In base 2, what is 11 - -111?
1010
In base 5, what is -201 - -11?
-140
In base 14, what is -2 - -8d7?
8d5
In base 7, what is 513 - 2?
511
In base 6, what is 444 + -11?
433
In base 12, what is -91 + -19?
-aa
In base 12, what is 2 - 70?
-6a
In base 9, what is -1 + 68?
67
In base 2, what is -1101 - -11?
-1010
In base 16, what is -8 + 73?
6b
In base 15, what is 2422 + -1?
2421
In base 12, what is 30a - -1?
30b
In base 15, what is -16 + 97?
81
In base 7, what is 2243 + 3?
2246
In base 6, what is 2 - -42242?
42244
In base 14, what is -19 + 1?
-18
In base 14, what is -1 - 9a?
-9b
In base 15, what is 2 + 519?
51b
In base 14, what is -16 + 1d?
7
In base 13, what is -3 - 5?
-8
In base 11, what is 324 + -4?
320
In base 14, what is -704 - 5?
-709
In base 9, what is 1720 + -2?
1717
In base 13, what is 78 + -6?
72
In base 8, what is -4506 - 1?
-4507
In base 16, what is 93 + -2?
91
In base 14, what is 41 + -3?
3c
In base 15, what is -5 + -4e3?
-4e8
In base 2, what is -10010 - 101?
-10111
In base 14, what is 0 + 1b3b?
1b3b
In base 11, what is 4 - -30?
34
In base 12, what is -393 + -3?
-396
In base 16, what is 1de1 + 4?
1de5
In base 5, what is -32131 + -2?
-32133
In base 2, what is -10100 - 101011?
-111111
In base 6, what is -305 - 10?
-315
In base 15, what is b6e - -2?
b71
In base 4, what is -3 + -121111?
-121120
In base 15, what is 0 + 75?
75
In base 11, what is 2167 - 4?
2163
In base 15, what is -6 - 2c5?
-2cb
In base 2, what is -1 + 100100110?
100100101
In base 13, what is 69 + a0?
139
In base 12, what is 684 + 3?
687
In base 11, what is 0 + 2950?
2950
In base 3, what is 100101212 + 0?
100101212
In base 11, what is -15 - -35?
20
In base 4, what is -213 - -111?
-102
In base 6, what is -1435 - 0?
-1435
In base 16, what is -1810 + 2?
-180e
In base 6, what is 23 - -345?
412
In base 8, what is -52 - -14?
-36
In base 13, what is c - -c40?
c4c
In base 3, what is -12 + 111?
22
In base 15, what is 4cb - 1?
4ca
In base 2, what is 1010 - 1010?
0
In base 2, what is 1 - -1111011?
1111100
In base 2, what is 101 + 101011110?
101100011
In base 5, what is 213 - 11?
202
In base 4, what is -3 - -110?
101
In base 4, what is 3301 - 11?
3230
In base 5, what is 10132 - 3?
10124
In base 3, what is -20111 - 112?
-21000
In base 11, what is 2 - 4a?
-48
In base 7, what is 4 - -13202?
13206
In base 5, what is -4 + 10?
1
In base 12, what is 5 - 273?
-26a
In base 3, what is -10202020 - -11?
-10202002
In base 11, what is 57 - -2?
59
In base 11, what is 6 - -1125?
1130
In base 2, what is -10001 - 10001?
-100010
In base 11, what is 3851 - -2?
3853
In base 10, what is -5 + -3904?
-3909
In base 8, what is 1157 + -3?
1154
In base 14, what is bd - -2?
c1
In base 2, what is 1010001000 + -101?
1010000011
In base 4, what is -110 + -11?
-121
In base 12, what is -1 - 15?
-16
In base 4, what is 12103 + 11?
12120
In base 14, what is -2 - d?
-11
In base 10, what is 9 - 7?
2
In base 10, what is 0 - -1305?
1305
In base 6, what is 2 + -12351?
-12345
In base 7, what is 2 + 30?
32
In base 12, what is 103 + -9?
b6
In base 12, what is 0 - -2a7?
2a7
In base 8, what is 15200 - -2?
15202
In base 11, what is -2 + -234?
-236
In base 3, what is 10 + -201?
-121
In base 5, what is 224300 - -10?
224310
In base 4, what is -3 - -2011?
2002
In base 9, what is -260 - -4?
-255
In base 14, what is -610 - 10?
-620
In base 5, what is -40020 - -1?
-40014
In base 6, what is 22443 + 2?
22445
In base 5, what is 231 - -10?
241
In base 13, what is 11 + -62?
-51
In base 8, what is 647 - 44?
603
In base 14, what is -5 + 60?
59
In base 8, what is 74 + 220?
314
In base 14, what is -29 + 0?
-29
In base 16, what is -e - 19?
-27
In base 11, what is -233 - -1?
-232
In base 14, what is 0 + -1db?
-1db
In base 12, what is 7 + -240?
-235
In base 12, what is -6 + -28?
-32
In base 6, what is -24 + -30?
-54
In base 8, what is 0 + -4?
-4
In base 7, what is 3524 - -5?
3532
In base 14, what is -5 - -160d?
1608
In base 2, what is 1 + -10?
-1
In base 11, what is 21a + 5?
224
In base 7, what is 52 - 0?
52
In base 9, what is -371 + -15?
-386
In base 9, what is 10 - 136?
-126
In base 11, what is -2 + 15a?
158
In base 13, what is b1 - -23?
104
In base 10, what is 25 + 27?
52
In base 11, what is 5 + -502?
-4a8
In base 16, what is -1 + -69?
-6a
In base 12, what is -6 + -27a?
-284
In base 12, what is -32 + -27?
-59
In base 7, what is 4235 + -2?
4233
In base 3, what is 1112001 + 0?
1112001
In base 4, what is 11 - -32000?
32011
In base 9, what is -2 + -343?
-345
In base 6, what is -2143 + 2?
-2141
In base 12, what is 116 - 36?
a0
In base 16, what is 4 + 1124?
1128
In base 16, what is -ab8 - -1?
-ab7
In base 8, what is -71 - 5?
-76
In base 14, what is 4 - 42?
-3c
In base 3, what is 101101 + 122?
102000
In base 10, what is -4 + -142?
-146
In base 15, what is -1 + -8?
-9
In base 15, what is b7 - -31?
e8
In base 9, what is -168 + 21?
-147
In base 5, what is -1 + 2?
1
In base 16, what is 6 + -68?
-62
In base 6, what is -5 - 3353?
-3402
In base 14, what is -8a + 4?
-86
In base 12, what is -1853 - -4?
-184b
In base 10, what is 3 - -1730?
1733
In base 13, what is -28 + 1c?
-9
In base 9, what is 724 - 5?
718
In base 10, what is 67 + -138?
-71
In base 6, what is 0 - -1330?
1330
In base 12, what is -2 - 8ba?
-900
In base 6, what is -205 - 21?
-230
In base 16, what is -43 - -1c?
-27
In base 3, what is 10101 + -1?
10100
In base 12, what is -141 - 1?
-142
In base 9, what is -58 + -7?
-66
In base 5, what is -11034 + 10?
-11024
In base 4, what is -22200 + 3?
-22131
In base 16, what is -101 + 22?
-df
In base 9, what is -18 + 2?
-16
In base 13, what is -233 + -2?
-235
In base 3, what is 102102 + 2?
102111
In base 3, what is -122 - -202?
10
In base 8, what is -274 - 0?
-274
In base 6, what is 2 - 202?
-200
In base 4, what is -1 - 1?
-2
In base 4, what is -332110 - -2?
-332102
In base 7, what is 0 + 406?
406
In base 10, what is -5 - -44?
39
In base 6, what is -1010 + -1?
-1011
In base 3, what is -120 + -220?
-1110
In base 9, what is 172 + 3?
175
In base 10, what is -6 + 1904?
1898
In base 15, what is -18d + 0?
-18d
In base 10, what is -30 + -26?
-56
In base 4, what is -3 + -2031?
-2100
In base 4, what is 200310 + -1?
200303
In base 2, what is 11101 + 11111?
111100
In base 5, what is 4 + -32210?
-32201
In base 15, what is -13 + 80?
6c
In base 11, what is 25 + 41?
66
In base 10, what is 4312 - 0?
4312
In base 15, what is c + e?
1b
In base 5, what is -2114 - 2?
-2121
In base 14, what is 5 - -d9?
100
In base 4, what is 10332 + 2?
11000
In base 3, what is -12112 + 10?
-12102
In base 13, what is 2 - 22?
-20
In base 9, what is -4 + -36?
-41
In base 6, what is -123 - -55?
-24
In base 10, what is -3 + 2?
-1
In base 12, what is -2 - 1a?
-20
In base 10, what is -25 - 6?
-31
In base 16, what is -55 - -3?
-52
In base 16, what is 0 + 3e?
3e
In base 8, what is 463